{"id":339,"date":"2021-02-04T18:38:54","date_gmt":"2021-02-04T17:38:54","guid":{"rendered":"https:\/\/www.rofa-group.com\/rofa-polska\/?page_id=339"},"modified":"2021-02-04T18:46:09","modified_gmt":"2021-02-04T17:46:09","slug":"uslugi-i-serwis","status":"publish","type":"page","link":"https:\/\/www.rofa-group.com\/rofa-polska\/pl\/uslugi-i-serwis\/","title":{"rendered":"Us\u0142ugi i serwis"},"content":{"rendered":"\t\t<div data-elementor-type=\"wp-page\" data-elementor-id=\"339\" class=\"elementor elementor-339\" data-elementor-post-type=\"page\">\n\t\t\t\t\t\t<section class=\"elementor-section elementor-top-section elementor-element elementor-element-71a734d elementor-section-content-top elementor-section-height-min-height elementor-section-items-stretch elementor-section-boxed elementor-section-height-default\" data-id=\"71a734d\" data-element_type=\"section\" data-e-type=\"section\" id=\"mygfx\" data-settings=\"{&quot;background_background&quot;:&quot;classic&quot;}\">\n\t\t\t\t\t\t<div class=\"elementor-container elementor-column-gap-no\">\n\t\t\t\t\t<div class=\"elementor-column elementor-col-100 elementor-top-column elementor-element elementor-element-779981d0\" data-id=\"779981d0\" data-element_type=\"column\" data-e-type=\"column\" data-settings=\"{&quot;background_background&quot;:&quot;classic&quot;}\">\n\t\t\t<div class=\"elementor-widget-wrap\">\n\t\t\t\t\t\t\t<\/div>\n\t\t<\/div>\n\t\t\t\t\t<\/div>\n\t\t<\/section>\n\t\t\t\t<section class=\"elementor-section elementor-top-section elementor-element elementor-element-5cb6aacf elementor-section-boxed elementor-section-height-default elementor-section-height-default\" data-id=\"5cb6aacf\" data-element_type=\"section\" data-e-type=\"section\" data-settings=\"{&quot;background_background&quot;:&quot;classic&quot;}\">\n\t\t\t\t\t\t<div class=\"elementor-container elementor-column-gap-no\">\n\t\t\t\t\t<div class=\"elementor-column elementor-col-50 elementor-top-column elementor-element elementor-element-4abd5f3\" data-id=\"4abd5f3\" data-element_type=\"column\" data-e-type=\"column\" data-settings=\"{&quot;background_background&quot;:&quot;classic&quot;}\">\n\t\t\t<div class=\"elementor-widget-wrap elementor-element-populated\">\n\t\t\t\t\t\t<div class=\"elementor-element elementor-element-297c004b elementor-widget elementor-widget-text-editor\" data-id=\"297c004b\" data-element_type=\"widget\" data-e-type=\"widget\" data-widget_type=\"text-editor.default\">\n\t\t\t\t\t\t\t\t\t<h1 class=\"fett\">NASZE US\u0141UGI<\/h1>\n<h2 class=\"mittel\">Nasze kompleksowe podej\u015bcie<\/h2>\t\t\t\t\t\t\t\t<\/div>\n\t\t\t\t\t<\/div>\n\t\t<\/div>\n\t\t\t\t<div class=\"elementor-column elementor-col-50 elementor-top-column elementor-element elementor-element-6745993b\" data-id=\"6745993b\" data-element_type=\"column\" data-e-type=\"column\">\n\t\t\t<div class=\"elementor-widget-wrap\">\n\t\t\t\t\t\t\t<\/div>\n\t\t<\/div>\n\t\t\t\t\t<\/div>\n\t\t<\/section>\n\t\t\t\t<section class=\"elementor-section elementor-top-section elementor-element elementor-element-94bcb66 elementor-section-boxed elementor-section-height-default elementor-section-height-default\" data-id=\"94bcb66\" data-element_type=\"section\" data-e-type=\"section\">\n\t\t\t\t\t\t<div class=\"elementor-container elementor-column-gap-default\">\n\t\t\t\t\t<div class=\"elementor-column elementor-col-100 elementor-top-column elementor-element elementor-element-ec4872c\" data-id=\"ec4872c\" data-element_type=\"column\" data-e-type=\"column\">\n\t\t\t<div class=\"elementor-widget-wrap elementor-element-populated\">\n\t\t\t\t\t\t<div class=\"elementor-element elementor-element-6f8bef2 elementor-widget elementor-widget-text-editor\" data-id=\"6f8bef2\" data-element_type=\"widget\" data-e-type=\"widget\" data-widget_type=\"text-editor.default\">\n\t\t\t\t\t\t\t\t\tNasz zesp\u00f3\u0142 wysoko wykwalifikowanej i do\u015bwiadczonej  kadry in\u017cynierskiej realizuje prace in\u017cynieryjne w ramach globalnych projekt\u00f3w przeprowadzanych w ramach Grupy ROFA. Nasz potencja\u0142 rozwijamy szczeg\u00f3lnie w  dziedzinie konstrukcji stalowych, urz\u0105dze\u0144 mechanicznych, techniki sterowania i zarzadzania projektami. Stosujemy przy tym szeroki wachlarz produkt\u00f3w wykorzystywanych w wewn\u0105trzzak\u0142adowym transporcie w wielu bran\u017cach. Realizujemy projekty kompleksowo pocz\u0105wszy od opracowania oferty, poprzez produkcj\u0119, monta\u017c mechaniczny i elektryczny, a\u017c do momentu uruchomienia. Nasza wiedza i duch innowacji s\u0105 tutaj nie bez znaczenia: projektujemy rozwi\u0105zania, kt\u00f3re spe\u0142niaj\u0105 potrzeby naszych klient\u00f3w i stale pracujemy nad optymalizacj\u0105 naszych projekt\u00f3w. Wa\u017cnym narz\u0119dziem s\u0105 stosowane przez nas symulacje. Korzystaj\u0105c z najnowocze\u015bniejszego oprogramowania, symulujemy prac\u0119 instalacji ze wszystkimi jej elementami, zanim zostanie ona rzeczywi\u015bcie uruchomiona. Pozwala nam to na rozpoznanie potrzeby optymalizacji na wczesnym etapie i odpowiednie reagowanie.\t\t\t\t\t\t\t\t<\/div>\n\t\t\t\t\t<\/div>\n\t\t<\/div>\n\t\t\t\t\t<\/div>\n\t\t<\/section>\n\t\t\t\t<section class=\"elementor-section elementor-top-section elementor-element elementor-element-77661f9c elementor-section-boxed elementor-section-height-default elementor-section-height-default\" data-id=\"77661f9c\" data-element_type=\"section\" data-e-type=\"section\">\n\t\t\t\t\t\t<div class=\"elementor-container elementor-column-gap-default\">\n\t\t\t\t\t<div class=\"elementor-column elementor-col-100 elementor-top-column elementor-element elementor-element-7f2663c9\" data-id=\"7f2663c9\" data-element_type=\"column\" data-e-type=\"column\">\n\t\t\t<div class=\"elementor-widget-wrap elementor-element-populated\">\n\t\t\t\t\t\t<div class=\"elementor-element elementor-element-427c91cc elementor-hidden-phone elementor-widget elementor-widget-image\" data-id=\"427c91cc\" data-element_type=\"widget\" data-e-type=\"widget\" data-widget_type=\"image.default\">\n\t\t\t\t\t\t\t\t\t\t\t\t\t\t\t<img fetchpriority=\"high\" decoding=\"async\" width=\"800\" height=\"383\" src=\"https:\/\/www.rofa-group.com\/rofa-polska\/wp-content\/uploads\/sites\/10\/Leistungsbild_Desktop_pol-1024x490.jpg\" class=\"attachment-large size-large wp-image-105\" alt=\"Schemat serwisowy\" srcset=\"https:\/\/www.rofa-group.com\/rofa-polska\/wp-content\/uploads\/sites\/10\/Leistungsbild_Desktop_pol-1024x490.jpg 1024w, https:\/\/www.rofa-group.com\/rofa-polska\/wp-content\/uploads\/sites\/10\/Leistungsbild_Desktop_pol-300x144.jpg 300w, https:\/\/www.rofa-group.com\/rofa-polska\/wp-content\/uploads\/sites\/10\/Leistungsbild_Desktop_pol-768x367.jpg 768w, https:\/\/www.rofa-group.com\/rofa-polska\/wp-content\/uploads\/sites\/10\/Leistungsbild_Desktop_pol.jpg 1200w\" sizes=\"(max-width: 800px) 100vw, 800px\" \/>\t\t\t\t\t\t\t\t\t\t\t\t\t\t\t<\/div>\n\t\t\t\t<div class=\"elementor-element elementor-element-689d8bee elementor-hidden-desktop elementor-hidden-tablet elementor-widget elementor-widget-image\" data-id=\"689d8bee\" data-element_type=\"widget\" data-e-type=\"widget\" data-widget_type=\"image.default\">\n\t\t\t\t\t\t\t\t\t\t\t\t\t\t\t<img decoding=\"async\" width=\"800\" height=\"1023\" src=\"https:\/\/www.rofa-group.com\/rofa-polska\/wp-content\/uploads\/sites\/10\/Leistungsbild_mobil_pol-801x1024.jpg\" class=\"attachment-large size-large wp-image-106\" alt=\"Schemat serwisowy\" srcset=\"https:\/\/www.rofa-group.com\/rofa-polska\/wp-content\/uploads\/sites\/10\/Leistungsbild_mobil_pol-801x1024.jpg 801w, https:\/\/www.rofa-group.com\/rofa-polska\/wp-content\/uploads\/sites\/10\/Leistungsbild_mobil_pol-235x300.jpg 235w, https:\/\/www.rofa-group.com\/rofa-polska\/wp-content\/uploads\/sites\/10\/Leistungsbild_mobil_pol-768x982.jpg 768w, https:\/\/www.rofa-group.com\/rofa-polska\/wp-content\/uploads\/sites\/10\/Leistungsbild_mobil_pol.jpg 1200w\" sizes=\"(max-width: 800px) 100vw, 800px\" \/>\t\t\t\t\t\t\t\t\t\t\t\t\t\t\t<\/div>\n\t\t\t\t\t<\/div>\n\t\t<\/div>\n\t\t\t\t\t<\/div>\n\t\t<\/section>\n\t\t\t\t<section class=\"elementor-section elementor-top-section elementor-element elementor-element-6819549c elementor-section-boxed elementor-section-height-default elementor-section-height-default\" data-id=\"6819549c\" data-element_type=\"section\" data-e-type=\"section\" data-settings=\"{&quot;background_background&quot;:&quot;classic&quot;}\">\n\t\t\t\t\t\t<div class=\"elementor-container elementor-column-gap-default\">\n\t\t\t\t\t<div class=\"elementor-column elementor-col-100 elementor-top-column elementor-element elementor-element-e419eba\" data-id=\"e419eba\" data-element_type=\"column\" data-e-type=\"column\">\n\t\t\t<div class=\"elementor-widget-wrap elementor-element-populated\">\n\t\t\t\t\t\t<div class=\"elementor-element elementor-element-424e8aa7 elementor-widget elementor-widget-image\" data-id=\"424e8aa7\" data-element_type=\"widget\" data-e-type=\"widget\" data-widget_type=\"image.default\">\n\t\t\t\t\t\t\t\t\t\t\t\t\t\t\t<img decoding=\"async\" width=\"1\" height=\"1\" src=\"https:\/\/www.rofa-group.com\/rofa-polska\/wp-content\/uploads\/sites\/10\/Icon_Leistungen_Beratung.svg\" class=\"attachment-large size-large wp-image-169\" alt=\"Rofa Leistungen Beratung\" \/>\t\t\t\t\t\t\t\t\t\t\t\t\t\t\t<\/div>\n\t\t\t\t<div class=\"elementor-element elementor-element-2083e557 elementor-widget elementor-widget-heading\" data-id=\"2083e557\" data-element_type=\"widget\" data-e-type=\"widget\" data-widget_type=\"heading.default\">\n\t\t\t\t\t<h2 class=\"elementor-heading-title elementor-size-default\">DORADZTWO I PLANOWANIE<\/h2>\t\t\t\t<\/div>\n\t\t\t\t<div class=\"elementor-element elementor-element-647c98d4 elementor-widget elementor-widget-text-editor\" data-id=\"647c98d4\" data-element_type=\"widget\" data-e-type=\"widget\" data-widget_type=\"text-editor.default\">\n\t\t\t\t\t\t\t\t\tWysoki stopie\u0144 zaufania i niezawodne planowanie s\u0105 podstaw\u0105 sukcesu ca\u0142ego projektu. Ju\u017c na etapie przygotowania oferty szczeg\u00f3\u0142owo rozpatrywane s\u0105 indywidualne standardy i wymogi klienta. S\u0142uchamy, pytamy i doradzamy. Wsp\u00f3lnie z Pa\u0144stwem ustalamy warunki realizacji projektu. Analizujemy przebieg prac na poszczeg\u00f3lnych etapach tak, aby w spos\u00f3b optymalny zrealizowa\u0107 Pa\u0144stwa cele. Ka\u017cdy projekt jest nadzorowany przez kompetentnego koordynatora projektu. On jest te\u017c t\u0105 osob\u0105, kt\u00f3ra dba o precyzyjne zaplanowanie i wykonanie projektu w najmniejszych jego szczeg\u00f3\u0142ach.\t\t\t\t\t\t\t\t<\/div>\n\t\t\t\t\t<\/div>\n\t\t<\/div>\n\t\t\t\t\t<\/div>\n\t\t<\/section>\n\t\t\t\t<section class=\"elementor-section elementor-top-section elementor-element elementor-element-78ddf102 elementor-section-boxed elementor-section-height-default elementor-section-height-default\" data-id=\"78ddf102\" data-element_type=\"section\" data-e-type=\"section\" data-settings=\"{&quot;background_background&quot;:&quot;classic&quot;}\">\n\t\t\t\t\t\t<div class=\"elementor-container elementor-column-gap-default\">\n\t\t\t\t\t<div class=\"elementor-column elementor-col-100 elementor-top-column elementor-element elementor-element-31dc2d8\" data-id=\"31dc2d8\" data-element_type=\"column\" data-e-type=\"column\">\n\t\t\t<div class=\"elementor-widget-wrap elementor-element-populated\">\n\t\t\t\t\t\t<div class=\"elementor-element elementor-element-1297afa0 elementor-widget elementor-widget-image\" data-id=\"1297afa0\" data-element_type=\"widget\" data-e-type=\"widget\" data-widget_type=\"image.default\">\n\t\t\t\t\t\t\t\t\t\t\t\t\t\t\t<img loading=\"lazy\" decoding=\"async\" width=\"1\" height=\"1\" src=\"https:\/\/www.rofa-group.com\/rofa-polska\/wp-content\/uploads\/sites\/10\/Icon_Leistungen_Umsetzung.svg\" class=\"attachment-large size-large wp-image-124\" alt=\"Rofa Leistungen Umsetzung\" \/>\t\t\t\t\t\t\t\t\t\t\t\t\t\t\t<\/div>\n\t\t\t\t<div class=\"elementor-element elementor-element-283afbf7 elementor-widget elementor-widget-heading\" data-id=\"283afbf7\" data-element_type=\"widget\" data-e-type=\"widget\" data-widget_type=\"heading.default\">\n\t\t\t\t\t<h2 class=\"elementor-heading-title elementor-size-default\">Wdra\u017canie i integracja system\u00f3w<\/h2>\t\t\t\t<\/div>\n\t\t\t\t<div class=\"elementor-element elementor-element-28022a80 elementor-widget elementor-widget-text-editor\" data-id=\"28022a80\" data-element_type=\"widget\" data-e-type=\"widget\" data-widget_type=\"text-editor.default\">\n\t\t\t\t\t\t\t\t\t<p>Podczas wdra\u017cania koncentrujemy si\u0119 na wsp\u00f3lnym dzia\u0142aniu naszych zespo\u0142\u00f3w. To w\u0142a\u015bnie ich wysokie kwalifikacje, zaanga\u017cowanie i bogate do\u015bwiadczenie zawodowe pozwalaj\u0105 na sprawne rozpocz\u0119cie procesu. Do tego dochodz\u0105 obszerne mo\u017cliwo\u015bci techniczne u nas na miejscu, aby przed wdro\u017ceniem przetestowa\u0107 szeroko funkcjonalno\u015b\u0107 systemu. Pozwala nam to na identyfikacj\u0119 i eliminacj\u0119 problem\u00f3w technicznych jeszcze przed uruchomieniem.<br \/><br \/>W czasie samego uruchomiania instalacji nasz koordynator projektu jest zawsze na miejscu i pozostaje w bezpo\u015brednim kontakcie z Pa\u0144stwem, z dostawcami i monterami. Jako generalny wykonawca nadzorujemy r\u00f3wnie\u017c integracj\u0119 technologii sterowania i bezpiecze\u0144stwa z ca\u0142ym systemem. Zapewniamy, \u017ce odbywa si\u0119 to zgodnie z obowi\u0105zuj\u0105cym prawem i przepisami kraju wykonania. O ile to mo\u017cliwe, prace monta\u017cowe prowadzone s\u0105 r\u00f3wnolegle z bie\u017c\u0105c\u0105 dzia\u0142alno\u015bci\u0105 zak\u0142adu, w naszych harmonogramach uwzgl\u0119dniamy r\u00f3wnie\u017c \u015bwi\u0119ta fabryczne i nocne zmiany, kt\u00f3re s\u0105 produktywnie wykorzystywane.<br \/><br \/>Jako\u015b\u0107 naszych us\u0142ug ma przy tym zawsze najwy\u017cszy priorytet. Wsp\u00f3\u0142pracujemy z godnymi zaufania dostawcami i podwykonawcami, kt\u00f3rzy podobnie jak my stawiaj\u0105 na niezawodno\u015b\u0107 us\u0142ug i terminowo\u015b\u0107 dostaw. W zale\u017cno\u015bci od miejsca przeznaczenia, projekt realizowany jest z pomoc\u0105 naszej w\u0142asnej sieci dostawc\u00f3w lub z pomoc\u0105 firm z Grupy ROFA, spektrum us\u0142ug dope\u0142niaj\u0105 precyzyjne kontrole jako\u015bci. Dok\u0142adne warunki i sekwencje dostaw s\u0105 koordynowane przez dzia\u0142 zakup\u00f3w, aby zapewni\u0107 sprawny przebieg procesu.<\/p>\t\t\t\t\t\t\t\t<\/div>\n\t\t\t\t\t<\/div>\n\t\t<\/div>\n\t\t\t\t\t<\/div>\n\t\t<\/section>\n\t\t\t\t<section class=\"elementor-section elementor-top-section elementor-element elementor-element-4491ecf1 elementor-section-boxed elementor-section-height-default elementor-section-height-default\" data-id=\"4491ecf1\" data-element_type=\"section\" data-e-type=\"section\" data-settings=\"{&quot;background_background&quot;:&quot;classic&quot;}\">\n\t\t\t\t\t\t<div class=\"elementor-container elementor-column-gap-default\">\n\t\t\t\t\t<div class=\"elementor-column elementor-col-100 elementor-top-column elementor-element elementor-element-76a63f26\" data-id=\"76a63f26\" data-element_type=\"column\" data-e-type=\"column\">\n\t\t\t<div class=\"elementor-widget-wrap elementor-element-populated\">\n\t\t\t\t\t\t<div class=\"elementor-element elementor-element-2b3ab31d elementor-widget elementor-widget-image\" data-id=\"2b3ab31d\" data-element_type=\"widget\" data-e-type=\"widget\" data-widget_type=\"image.default\">\n\t\t\t\t\t\t\t\t\t\t\t\t\t\t\t<img loading=\"lazy\" decoding=\"async\" width=\"1\" height=\"1\" src=\"https:\/\/www.rofa-group.com\/rofa-polska\/wp-content\/uploads\/sites\/10\/Icon_Leistungen_Service.svg\" class=\"attachment-large size-large wp-image-123\" alt=\"Rofa Leistungen Service\" \/>\t\t\t\t\t\t\t\t\t\t\t\t\t\t\t<\/div>\n\t\t\t\t<div class=\"elementor-element elementor-element-14dc86aa elementor-widget elementor-widget-heading\" data-id=\"14dc86aa\" data-element_type=\"widget\" data-e-type=\"widget\" data-widget_type=\"heading.default\">\n\t\t\t\t\t<h2 class=\"elementor-heading-title elementor-size-default\">SERWIS I WSPARCIE<\/h2>\t\t\t\t<\/div>\n\t\t\t\t<div class=\"elementor-element elementor-element-70716544 elementor-widget elementor-widget-text-editor\" data-id=\"70716544\" data-element_type=\"widget\" data-e-type=\"widget\" data-widget_type=\"text-editor.default\">\n\t\t\t\t\t\t\t\t\tPrzez ca\u0142y czas trwania projektu jeste\u015bmy do Pa\u0144stwa dyspozycji, s\u0142u\u017c\u0105c rad\u0105 i wsparciem, aby zapewni\u0107 maksymaln\u0105 wydajno\u015b\u0107 i funkcjonalno\u015b\u0107 naszych instalacji. R\u00f3wnie\u017c po uruchomieniu systemu oferujemy kompleksowe us\u0142ugi, w tym zalecan\u0105 konserwacj\u0119, przegl\u0105dy i audyty, kt\u00f3re przeprowadzane s\u0105 przez przeszkolony personel.\t\t\t\t\t\t\t\t<\/div>\n\t\t\t\t\t<\/div>\n\t\t<\/div>\n\t\t\t\t\t<\/div>\n\t\t<\/section>\n\t\t\t\t<\/div>\n\t\t","protected":false},"excerpt":{"rendered":"<p>NASZE US\u0141UGI Nasze kompleksowe podej\u015bcie Nasz zesp\u00f3\u0142 wysoko wykwalifikowanej i do\u015bwiadczonej kadry in\u017cynierskiej realizuje prace in\u017cynieryjne w ramach globalnych projekt\u00f3w przeprowadzanych w ramach Grupy ROFA. Nasz potencja\u0142 rozwijamy szczeg\u00f3lnie w dziedzinie konstrukcji stalowych, urz\u0105dze\u0144 mechanicznych, techniki sterowania i zarzadzania projektami. Stosujemy przy tym szeroki wachlarz produkt\u00f3w wykorzystywanych w wewn\u0105trzzak\u0142adowym transporcie w wielu bran\u017cach. Realizujemy projekty [&hellip;]<\/p>\n","protected":false},"author":1,"featured_media":0,"parent":0,"menu_order":0,"comment_status":"closed","ping_status":"closed","template":"","meta":{"_acf_changed":false,"footnotes":""},"class_list":["post-339","page","type-page","status-publish","hentry"],"acf":[],"_links":{"self":[{"href":"https:\/\/www.rofa-group.com\/rofa-polska\/wp-json\/wp\/v2\/pages\/339","targetHints":{"allow":["GET"]}}],"collection":[{"href":"https:\/\/www.rofa-group.com\/rofa-polska\/wp-json\/wp\/v2\/pages"}],"about":[{"href":"https:\/\/www.rofa-group.com\/rofa-polska\/wp-json\/wp\/v2\/types\/page"}],"author":[{"embeddable":true,"href":"https:\/\/www.rofa-group.com\/rofa-polska\/wp-json\/wp\/v2\/users\/1"}],"replies":[{"embeddable":true,"href":"https:\/\/www.rofa-group.com\/rofa-polska\/wp-json\/wp\/v2\/comments?post=339"}],"version-history":[{"count":7,"href":"https:\/\/www.rofa-group.com\/rofa-polska\/wp-json\/wp\/v2\/pages\/339\/revisions"}],"predecessor-version":[{"id":347,"href":"https:\/\/www.rofa-group.com\/rofa-polska\/wp-json\/wp\/v2\/pages\/339\/revisions\/347"}],"wp:attachment":[{"href":"https:\/\/www.rofa-group.com\/rofa-polska\/wp-json\/wp\/v2\/media?parent=339"}],"curies":[{"name":"wp","href":"https:\/\/api.w.org\/{rel}","templated":true}]}}