{"id":66,"date":"2020-05-12T00:40:57","date_gmt":"2020-05-11T22:40:57","guid":{"rendered":"https:\/\/www.rofa-group.com\/rofa-nowa\/?page_id=66"},"modified":"2023-11-02T09:18:12","modified_gmt":"2023-11-02T08:18:12","slug":"imprint","status":"publish","type":"page","link":"https:\/\/www.rofa-group.com\/rofa-nowa\/en\/imprint\/","title":{"rendered":"Imprint"},"content":{"rendered":"\t\t<div data-elementor-type=\"wp-page\" data-elementor-id=\"66\" class=\"elementor elementor-66\" data-elementor-post-type=\"page\">\n\t\t\t\t\t\t<section class=\"elementor-section elementor-top-section elementor-element elementor-element-7210818c elementor-section-content-top elementor-section-height-min-height elementor-section-items-stretch elementor-section-boxed elementor-section-height-default\" data-id=\"7210818c\" data-element_type=\"section\" data-e-type=\"section\" data-settings=\"{&quot;background_background&quot;:&quot;classic&quot;}\">\n\t\t\t\t\t\t<div class=\"elementor-container elementor-column-gap-no\">\n\t\t\t\t\t<div class=\"elementor-column elementor-col-100 elementor-top-column elementor-element elementor-element-68d3b177\" data-id=\"68d3b177\" data-element_type=\"column\" data-e-type=\"column\" data-settings=\"{&quot;background_background&quot;:&quot;classic&quot;}\">\n\t\t\t<div class=\"elementor-widget-wrap\">\n\t\t\t\t\t\t\t<\/div>\n\t\t<\/div>\n\t\t\t\t\t<\/div>\n\t\t<\/section>\n\t\t\t\t<section class=\"elementor-section elementor-top-section elementor-element elementor-element-63832f30 elementor-section-boxed elementor-section-height-default elementor-section-height-default\" data-id=\"63832f30\" data-element_type=\"section\" data-e-type=\"section\" data-settings=\"{&quot;background_background&quot;:&quot;classic&quot;}\">\n\t\t\t\t\t\t<div class=\"elementor-container elementor-column-gap-no\">\n\t\t\t\t\t<div class=\"elementor-column elementor-col-50 elementor-top-column elementor-element elementor-element-68cafb03\" data-id=\"68cafb03\" data-element_type=\"column\" data-e-type=\"column\" data-settings=\"{&quot;background_background&quot;:&quot;classic&quot;}\">\n\t\t\t<div class=\"elementor-widget-wrap elementor-element-populated\">\n\t\t\t\t\t\t<div class=\"elementor-element elementor-element-6c7ac6c1 elementor-widget elementor-widget-text-editor\" data-id=\"6c7ac6c1\" data-element_type=\"widget\" data-e-type=\"widget\" data-widget_type=\"text-editor.default\">\n\t\t\t\t\t\t\t\t\t<h1 class=\"fett\">IMPRINT<\/h1>\n<h2 class=\"mittel\">Transparent data processing<\/h2>\t\t\t\t\t\t\t\t<\/div>\n\t\t\t\t\t<\/div>\n\t\t<\/div>\n\t\t\t\t<div class=\"elementor-column elementor-col-50 elementor-top-column elementor-element elementor-element-1df5bdd\" data-id=\"1df5bdd\" data-element_type=\"column\" data-e-type=\"column\">\n\t\t\t<div class=\"elementor-widget-wrap\">\n\t\t\t\t\t\t\t<\/div>\n\t\t<\/div>\n\t\t\t\t\t<\/div>\n\t\t<\/section>\n\t\t\t\t<section class=\"elementor-section elementor-top-section elementor-element elementor-element-2ec70b39 elementor-section-boxed elementor-section-height-default elementor-section-height-default\" data-id=\"2ec70b39\" data-element_type=\"section\" data-e-type=\"section\">\n\t\t\t\t\t\t<div class=\"elementor-container elementor-column-gap-default\">\n\t\t\t\t\t<div class=\"elementor-column elementor-col-100 elementor-top-column elementor-element elementor-element-18d68f52\" data-id=\"18d68f52\" data-element_type=\"column\" data-e-type=\"column\">\n\t\t\t<div class=\"elementor-widget-wrap elementor-element-populated\">\n\t\t\t\t\t\t<div class=\"elementor-element elementor-element-2992ad91 elementor-widget elementor-widget-text-editor\" data-id=\"2992ad91\" data-element_type=\"widget\" data-e-type=\"widget\" data-widget_type=\"text-editor.default\">\n\t\t\t\t\t\t\t\t\t<p><strong>ROFA NOWA <\/strong>Tervez\u0151 Kft.<br>4400 Ny\u00edregyh\u00e1za,<br>Sz\u00e9chenyi utca. 15.<br>Hungary<\/p>\n<p><strong>Contact:<br>Phone:<\/strong> +36 42 597730<br><strong>E-Mail:<\/strong> rofa(at)rofanowa.hu<\/p>\n<p><strong>Represented by:<\/strong><br>Gabor Nagy | Andreas Gajda<\/p>\n<p><strong>Sales tax identification number: <\/strong><br>HU1284269<br><strong>Registration court:<\/strong><br>Ny\u00edregyh\u00e1za Tribunal, 15-09-067623<\/p>\n<p><strong>Responsible for the content:<\/strong><br>Gabor Nagy | Andreas Gajda<br>4400 Ny\u00edregyh\u00e1za,<br>Sz\u00e9chenyi utca. 15.<br>Hungary<br><br><\/p>\n<h2>Note on the responsible bodies<\/h2>\n<p>The responsible body for data processing on this website is:<br><strong>ROFA NOWA <\/strong> Tervez\u0151 Kft.<br>4400 Ny\u00edregyh\u00e1za,<br>Sz\u00e9chenyi utca. 15.<br>Hungary<br><strong>Phone:<\/strong> +36 42 597730<br><strong>E-Mail:<\/strong> rofa(at)rofanowa.hu<br><br>The&nbsp;responsible body for the legally required data protection officer on this website is:<br><strong>ROFA NOWA <\/strong> Tervez\u0151 Kft.<br>Data Protection Officer<br>4400 Ny\u00edregyh\u00e1za,<br>Sz\u00e9chenyi utca. 15.<br>Hungary<br><b>Phone<\/b>: +49 9427 9500-0<br><b>E-Mail<\/b>: datenschutz.rofa(at)rofa-group.com<br><br><\/p>\n<h2>Coding &amp; CMS Integration<\/h2>\n<p>instant media \u2013 Werbeagentur Munich \/ Germany<br><br><\/p>\n<h2>Concept &amp; Communication<\/h2>\n<p>FREEMANIZER Brand Communication &amp; Design \/ Die Wortgestalterin<br><br><\/p>\n<h2>EU dispute resolution<\/h2>\n<p>The European Commission provides a platform for online dispute resolution<br>(ODR):https:\/\/ec.europa.eu\/consumers\/odr.<br>Our e-mail address can be found above in the site notice.<br>We are not willing or obliged to participate in dispute resolution proceedings before a consumer arbitration board.<br><br><\/p>\n<h2>Liability for Contents<\/h2>\n<p>As service providers, we are liable for own contents of these websites according to Paragraph 7, Sect. 1 German Telemedia Act (TMG). However, according to Paragraphs 8 to 10 German Telemedia Act (TMG), service providers are not obligated to permanently monitor submitted or stored information or to search for evidences that indicate illegal activities.<\/p>\n<p>Legal obligations to removing information or to blocking the use of information remain unchallenged. In this case, liability is only possible at the time of knowledge about a specific violation of law. Illegal contents will be removed immediately at the time we get knowledge of them.<br><br><\/p>\n<h2>Liability for Links<\/h2>\n<p>Our offer includes links to external third party websites. We have no influence on the contents of those websites, therefore we cannot guarantee for those contents. Providers or administrators of linked websites are always responsible for their own contents.<\/p>\n<p>The linked websites had been checked for possible violations of law at the time of the establishment of the link. Illegal contents were not detected at the time of the linking. A permanent monitoring of the contents of linked websites cannot be imposed without reasonable indications that there has been a violation of law. Illegal links will be removed immediately at the time we get knowledge of them.<br><br><\/p>\n<h2>Copyright<\/h2>\n<p>Contents and compilations published on these websites by the providers are subject to German copyright laws. Reproduction, editing, distribution as well as the use of any kind outside the scope of the copyright law require a written permission of the author or originator. Downloads and copies of these websites are permitted for private use only. The commercial use of our contents without permission of the originator is prohibited.<\/p>\n<p>Copyright laws of third parties are respected as long as the contents on these websites do not originate from the provider. Contributions of third parties on this site are indicated as such. However, if you notice any violations of copyright law, please inform us. Such contents will be removed immediately.<\/p>\n<p>Detailes about our privacy policy can be found&nbsp;<a title=\"privacy policy\" href=\"https:\/\/www.rofa-group.com\/rofa-nowa\/en\/privacy-policy\/\">here<\/a>.<\/p>\t\t\t\t\t\t\t\t<\/div>\n\t\t\t\t\t<\/div>\n\t\t<\/div>\n\t\t\t\t\t<\/div>\n\t\t<\/section>\n\t\t\t\t<\/div>\n\t\t","protected":false},"excerpt":{"rendered":"<p>IMPRINT Transparent data processing ROFA NOWA Tervez\u0151 Kft.4400 Ny\u00edregyh\u00e1za,Sz\u00e9chenyi utca. 15.Hungary Contact:Phone: +36 42 597730E-Mail: rofa(at)rofanowa.hu Represented by:Gabor Nagy | Andreas Gajda Sales tax identification number: HU1284269Registration court:Ny\u00edregyh\u00e1za Tribunal, 15-09-067623 Responsible for the content:Gabor Nagy | Andreas Gajda4400 Ny\u00edregyh\u00e1za,Sz\u00e9chenyi utca. 15.Hungary Note on the responsible bodies The responsible body for data processing on this website [&hellip;]<\/p>\n","protected":false},"author":1,"featured_media":0,"parent":0,"menu_order":0,"comment_status":"closed","ping_status":"closed","template":"","meta":{"_acf_changed":false,"footnotes":""},"class_list":["post-66","page","type-page","status-publish","hentry"],"acf":[],"_links":{"self":[{"href":"https:\/\/www.rofa-group.com\/rofa-nowa\/wp-json\/wp\/v2\/pages\/66","targetHints":{"allow":["GET"]}}],"collection":[{"href":"https:\/\/www.rofa-group.com\/rofa-nowa\/wp-json\/wp\/v2\/pages"}],"about":[{"href":"https:\/\/www.rofa-group.com\/rofa-nowa\/wp-json\/wp\/v2\/types\/page"}],"author":[{"embeddable":true,"href":"https:\/\/www.rofa-group.com\/rofa-nowa\/wp-json\/wp\/v2\/users\/1"}],"replies":[{"embeddable":true,"href":"https:\/\/www.rofa-group.com\/rofa-nowa\/wp-json\/wp\/v2\/comments?post=66"}],"version-history":[{"count":34,"href":"https:\/\/www.rofa-group.com\/rofa-nowa\/wp-json\/wp\/v2\/pages\/66\/revisions"}],"predecessor-version":[{"id":362,"href":"https:\/\/www.rofa-group.com\/rofa-nowa\/wp-json\/wp\/v2\/pages\/66\/revisions\/362"}],"wp:attachment":[{"href":"https:\/\/www.rofa-group.com\/rofa-nowa\/wp-json\/wp\/v2\/media?parent=66"}],"curies":[{"name":"wp","href":"https:\/\/api.w.org\/{rel}","templated":true}]}}