{"id":131,"date":"2020-05-14T17:59:54","date_gmt":"2020-05-14T15:59:54","guid":{"rendered":"https:\/\/www.rofa-group.com\/rofa-china\/?page_id=131"},"modified":"2020-06-08T11:06:52","modified_gmt":"2020-06-08T09:06:52","slug":"qualitaetsmanagement","status":"publish","type":"page","link":"https:\/\/www.rofa-group.com\/rofa-china\/qualitaetsmanagement\/","title":{"rendered":"Qualit\u00e4tsmanagement"},"content":{"rendered":"\t\t<div data-elementor-type=\"wp-page\" data-elementor-id=\"131\" class=\"elementor elementor-131\" data-elementor-post-type=\"page\">\n\t\t\t\t\t\t<section class=\"elementor-section elementor-top-section elementor-element elementor-element-66848da6 elementor-section-content-top elementor-section-height-min-height elementor-section-items-stretch elementor-section-boxed elementor-section-height-default\" data-id=\"66848da6\" data-element_type=\"section\" data-e-type=\"section\" id=\"mygfx\" data-settings=\"{&quot;background_background&quot;:&quot;classic&quot;}\">\n\t\t\t\t\t\t<div class=\"elementor-container elementor-column-gap-no\">\n\t\t\t\t\t<div class=\"elementor-column elementor-col-100 elementor-top-column elementor-element elementor-element-29a8d537\" data-id=\"29a8d537\" data-element_type=\"column\" data-e-type=\"column\" data-settings=\"{&quot;background_background&quot;:&quot;classic&quot;}\">\n\t\t\t<div class=\"elementor-widget-wrap\">\n\t\t\t\t\t\t\t<\/div>\n\t\t<\/div>\n\t\t\t\t\t<\/div>\n\t\t<\/section>\n\t\t\t\t<section class=\"elementor-section elementor-top-section elementor-element elementor-element-2ba421bb elementor-section-boxed elementor-section-height-default elementor-section-height-default\" data-id=\"2ba421bb\" data-element_type=\"section\" data-e-type=\"section\" data-settings=\"{&quot;background_background&quot;:&quot;classic&quot;}\">\n\t\t\t\t\t\t<div class=\"elementor-container elementor-column-gap-no\">\n\t\t\t\t\t<div class=\"elementor-column elementor-col-50 elementor-top-column elementor-element elementor-element-550cc46e\" data-id=\"550cc46e\" data-element_type=\"column\" data-e-type=\"column\" data-settings=\"{&quot;background_background&quot;:&quot;classic&quot;}\">\n\t\t\t<div class=\"elementor-widget-wrap elementor-element-populated\">\n\t\t\t\t\t\t<div class=\"elementor-element elementor-element-1faec9f7 elementor-widget elementor-widget-text-editor\" data-id=\"1faec9f7\" data-element_type=\"widget\" data-e-type=\"widget\" data-widget_type=\"text-editor.default\">\n\t\t\t\t\t\t\t\t\t<h1 class=\"fett\">QUALIT\u00c4TS\u00adMANAGEMENT<\/h1><h2 class=\"mittel\">Mehr als zufrieden<\/h2>\t\t\t\t\t\t\t\t<\/div>\n\t\t\t\t\t<\/div>\n\t\t<\/div>\n\t\t\t\t<div class=\"elementor-column elementor-col-50 elementor-top-column elementor-element elementor-element-18b13404\" data-id=\"18b13404\" data-element_type=\"column\" data-e-type=\"column\">\n\t\t\t<div class=\"elementor-widget-wrap\">\n\t\t\t\t\t\t\t<\/div>\n\t\t<\/div>\n\t\t\t\t\t<\/div>\n\t\t<\/section>\n\t\t\t\t<section class=\"elementor-section elementor-top-section elementor-element elementor-element-5bb1bbea elementor-section-boxed elementor-section-height-default elementor-section-height-default\" data-id=\"5bb1bbea\" data-element_type=\"section\" data-e-type=\"section\">\n\t\t\t\t\t\t<div class=\"elementor-container elementor-column-gap-default\">\n\t\t\t\t\t<div class=\"elementor-column elementor-col-100 elementor-top-column elementor-element elementor-element-5b41e133\" data-id=\"5b41e133\" data-element_type=\"column\" data-e-type=\"column\">\n\t\t\t<div class=\"elementor-widget-wrap elementor-element-populated\">\n\t\t\t\t\t\t<div class=\"elementor-element elementor-element-7d26b0f0 elementor-widget elementor-widget-text-editor\" data-id=\"7d26b0f0\" data-element_type=\"widget\" data-e-type=\"widget\" data-widget_type=\"text-editor.default\">\n\t\t\t\t\t\t\t\t\t<p>Das l\u00fcckenlose Monitoring einwandfreier Prozesse \u00fcber die gesamte Wertsch\u00f6pfungskette ist die Basis unserer Arbeit. Dabei ber\u00fccksichtigen wir nicht nur g\u00e4ngige Industriestandards, sondern ebenso Ihre individuellen Anforderungen und Spezifikationen. Auch Drittleister sind in den ROFA-Qualit\u00e4tsmanagementprozess eingebunden. So entsteht ein 100% einwandfreies Ergebnis, mit dem Sie dauerhaft zufrieden sind.<\/p>\n<p>Unsere umfassenden After-Sales-Leistungen wie z.B. Personalschulungen in den Bereichen Mechanik und Elektrik, Dokumentationen, Anlagenaudits oder der schnelle Ersatzteilservice zeigen, dass wir langfristig f\u00fcr Sie da sind. Denn ein st\u00f6rungsfreier Betrieb ist Ihr Garant f\u00fcr hohe Effizienz \u2013 und Ihren Erfolg im Wettbewerbsumfeld! <br><\/p><p>Mehr \u00fcber unser Vorgehen lesen Sie im Bereich <a href=\"https:\/\/www.rofa-group.com\/rofa-china\/leistungen-services\/\">&gt; Leistungen &amp; Services<\/a>.<\/p>\n<p><br><\/p>\t\t\t\t\t\t\t\t<\/div>\n\t\t\t\t\t<\/div>\n\t\t<\/div>\n\t\t\t\t\t<\/div>\n\t\t<\/section>\n\t\t\t\t<\/div>\n\t\t","protected":false},"excerpt":{"rendered":"<p>QUALIT\u00c4TS\u00adMANAGEMENT Mehr als zufrieden Das l\u00fcckenlose Monitoring einwandfreier Prozesse \u00fcber die gesamte Wertsch\u00f6pfungskette ist die Basis unserer Arbeit. Dabei ber\u00fccksichtigen wir nicht nur g\u00e4ngige Industriestandards, sondern ebenso Ihre individuellen Anforderungen und Spezifikationen. Auch Drittleister sind in den ROFA-Qualit\u00e4tsmanagementprozess eingebunden. So entsteht ein 100% einwandfreies Ergebnis, mit dem Sie dauerhaft zufrieden sind. Unsere umfassenden After-Sales-Leistungen wie [&hellip;]<\/p>\n","protected":false},"author":1,"featured_media":0,"parent":0,"menu_order":0,"comment_status":"closed","ping_status":"closed","template":"","meta":{"_acf_changed":false,"footnotes":""},"class_list":["post-131","page","type-page","status-publish","hentry"],"acf":[],"_links":{"self":[{"href":"https:\/\/www.rofa-group.com\/rofa-china\/wp-json\/wp\/v2\/pages\/131","targetHints":{"allow":["GET"]}}],"collection":[{"href":"https:\/\/www.rofa-group.com\/rofa-china\/wp-json\/wp\/v2\/pages"}],"about":[{"href":"https:\/\/www.rofa-group.com\/rofa-china\/wp-json\/wp\/v2\/types\/page"}],"author":[{"embeddable":true,"href":"https:\/\/www.rofa-group.com\/rofa-china\/wp-json\/wp\/v2\/users\/1"}],"replies":[{"embeddable":true,"href":"https:\/\/www.rofa-group.com\/rofa-china\/wp-json\/wp\/v2\/comments?post=131"}],"version-history":[{"count":8,"href":"https:\/\/www.rofa-group.com\/rofa-china\/wp-json\/wp\/v2\/pages\/131\/revisions"}],"predecessor-version":[{"id":271,"href":"https:\/\/www.rofa-group.com\/rofa-china\/wp-json\/wp\/v2\/pages\/131\/revisions\/271"}],"wp:attachment":[{"href":"https:\/\/www.rofa-group.com\/rofa-china\/wp-json\/wp\/v2\/media?parent=131"}],"curies":[{"name":"wp","href":"https:\/\/api.w.org\/{rel}","templated":true}]}}