{"id":188,"date":"2020-01-24T13:08:15","date_gmt":"2020-01-24T12:08:15","guid":{"rendered":"https:\/\/www.rofa-group.com\/mlr\/?page_id=188"},"modified":"2025-03-27T11:46:12","modified_gmt":"2025-03-27T10:46:12","slug":"qualitaetsmanagement","status":"publish","type":"page","link":"https:\/\/www.rofa-group.com\/mlr\/qualitaetsmanagement\/","title":{"rendered":"Qualit\u00e4tsmanagement"},"content":{"rendered":"\t\t<div data-elementor-type=\"wp-page\" data-elementor-id=\"188\" class=\"elementor elementor-188\" data-elementor-post-type=\"page\">\n\t\t\t\t\t\t<section class=\"elementor-section elementor-top-section elementor-element elementor-element-4d04d07f elementor-section-content-top elementor-section-height-min-height elementor-section-items-stretch elementor-section-boxed elementor-section-height-default\" data-id=\"4d04d07f\" data-element_type=\"section\" data-e-type=\"section\" id=\"mygfx\" data-settings=\"{&quot;background_background&quot;:&quot;classic&quot;}\">\n\t\t\t\t\t\t<div class=\"elementor-container elementor-column-gap-no\">\n\t\t\t\t\t<div class=\"elementor-column elementor-col-100 elementor-top-column elementor-element elementor-element-39031cf3\" data-id=\"39031cf3\" data-element_type=\"column\" data-e-type=\"column\" data-settings=\"{&quot;background_background&quot;:&quot;classic&quot;}\">\n\t\t\t<div class=\"elementor-widget-wrap\">\n\t\t\t\t\t\t\t<\/div>\n\t\t<\/div>\n\t\t\t\t\t<\/div>\n\t\t<\/section>\n\t\t\t\t<section class=\"elementor-section elementor-top-section elementor-element elementor-element-11128efb elementor-section-boxed elementor-section-height-default elementor-section-height-default\" data-id=\"11128efb\" data-element_type=\"section\" data-e-type=\"section\" data-settings=\"{&quot;background_background&quot;:&quot;classic&quot;}\">\n\t\t\t\t\t\t<div class=\"elementor-container elementor-column-gap-no\">\n\t\t\t\t\t<div class=\"elementor-column elementor-col-50 elementor-top-column elementor-element elementor-element-6c9b22ba\" data-id=\"6c9b22ba\" data-element_type=\"column\" data-e-type=\"column\" data-settings=\"{&quot;background_background&quot;:&quot;classic&quot;}\">\n\t\t\t<div class=\"elementor-widget-wrap elementor-element-populated\">\n\t\t\t\t\t\t<div class=\"elementor-element elementor-element-38ed6927 elementor-widget elementor-widget-text-editor\" data-id=\"38ed6927\" data-element_type=\"widget\" data-e-type=\"widget\" data-widget_type=\"text-editor.default\">\n\t\t\t\t\t\t\t\t\t<h1 class=\"fett\">Qualit\u00e4ts&#173;management<\/h1>\n<h2 class=\"mittel\">Auf h\u00f6chste Standards verpflichtet<\/h2>\t\t\t\t\t\t\t\t<\/div>\n\t\t\t\t\t<\/div>\n\t\t<\/div>\n\t\t\t\t<div class=\"elementor-column elementor-col-50 elementor-top-column elementor-element elementor-element-718b10ab\" data-id=\"718b10ab\" data-element_type=\"column\" data-e-type=\"column\">\n\t\t\t<div class=\"elementor-widget-wrap\">\n\t\t\t\t\t\t\t<\/div>\n\t\t<\/div>\n\t\t\t\t\t<\/div>\n\t\t<\/section>\n\t\t\t\t<section class=\"elementor-section elementor-top-section elementor-element elementor-element-72903d8c elementor-section-boxed elementor-section-height-default elementor-section-height-default\" data-id=\"72903d8c\" data-element_type=\"section\" data-e-type=\"section\">\n\t\t\t\t\t\t<div class=\"elementor-container elementor-column-gap-default\">\n\t\t\t\t\t<div class=\"elementor-column elementor-col-100 elementor-top-column elementor-element elementor-element-2493db12\" data-id=\"2493db12\" data-element_type=\"column\" data-e-type=\"column\">\n\t\t\t<div class=\"elementor-widget-wrap elementor-element-populated\">\n\t\t\t\t\t\t<div class=\"elementor-element elementor-element-5d051c63 elementor-widget elementor-widget-text-editor\" data-id=\"5d051c63\" data-element_type=\"widget\" data-e-type=\"widget\" data-widget_type=\"text-editor.default\">\n\t\t\t\t\t\t\t\t\t<p>Unser Ziel ist es, Kunden \u00fcber die gesamte Wertsch\u00f6pfungskette einen greifbaren Mehrwert zu bieten. So haben wir zum Beispiel f\u00fcr Kunden im Klinik- und Krankenhaussegment Edelstahl als Standardmaterial bei unseren Fahrzeugen eingef\u00fchrt, um den hohen Anspr\u00fcchen an Hygiene und Sauberkeit zu gen\u00fcgen. Doch nicht nur das. Neben 100 % kundenindividuell konfigurierten Fahrzeugen zeigen wir auch bei den After-Sales-Services Profil. Mit einem schnellen Ersatzteilmanagement, professioneller Hilfe im St\u00f6rungsfall und der Durchf\u00fchrung von Schulungen zur Betriebssicherheit machen wir f\u00fcr den reibungslosen Betrieb Ihrer Anlage stark. Das und mehr entdecken Sie im Bereich <a title=\"Leistungen &amp; Services\" href=\"https:\/\/www.rofa-group.com\/mlr\/leistungen-services\/\">&gt; Leistungen &amp; Services.<\/a><\/p>\t\t\t\t\t\t\t\t<\/div>\n\t\t\t\t\t<\/div>\n\t\t<\/div>\n\t\t\t\t\t<\/div>\n\t\t<\/section>\n\t\t\t\t<section class=\"elementor-section elementor-top-section elementor-element elementor-element-62a7c69 elementor-section-boxed elementor-section-height-default elementor-section-height-default\" data-id=\"62a7c69\" data-element_type=\"section\" data-e-type=\"section\">\n\t\t\t\t\t\t<div class=\"elementor-container elementor-column-gap-no\">\n\t\t\t\t\t<div class=\"elementor-column elementor-col-33 elementor-top-column elementor-element elementor-element-6498042\" data-id=\"6498042\" data-element_type=\"column\" data-e-type=\"column\">\n\t\t\t<div class=\"elementor-widget-wrap\">\n\t\t\t\t\t\t\t<\/div>\n\t\t<\/div>\n\t\t\t\t<div class=\"elementor-column elementor-col-33 elementor-top-column elementor-element elementor-element-17fef62\" data-id=\"17fef62\" data-element_type=\"column\" data-e-type=\"column\">\n\t\t\t<div class=\"elementor-widget-wrap elementor-element-populated\">\n\t\t\t\t\t\t<div class=\"elementor-element elementor-element-f5e0c10 elementor-widget elementor-widget-image\" data-id=\"f5e0c10\" data-element_type=\"widget\" data-e-type=\"widget\" data-widget_type=\"image.default\">\n\t\t\t\t\t\t\t\t\t\t\t\t\t\t\t<img fetchpriority=\"high\" decoding=\"async\" width=\"400\" height=\"400\" src=\"https:\/\/www.rofa-group.com\/mlr\/wp-content\/uploads\/sites\/5\/DIN-EN-ISO-9001.jpg\" class=\"attachment-large size-large wp-image-1444\" alt=\"DIN EN ISO 9001\" srcset=\"https:\/\/www.rofa-group.com\/mlr\/wp-content\/uploads\/sites\/5\/DIN-EN-ISO-9001.jpg 400w, https:\/\/www.rofa-group.com\/mlr\/wp-content\/uploads\/sites\/5\/DIN-EN-ISO-9001-300x300.jpg 300w, https:\/\/www.rofa-group.com\/mlr\/wp-content\/uploads\/sites\/5\/DIN-EN-ISO-9001-150x150.jpg 150w, https:\/\/www.rofa-group.com\/mlr\/wp-content\/uploads\/sites\/5\/DIN-EN-ISO-9001-100x100.jpg 100w\" sizes=\"(max-width: 400px) 100vw, 400px\" \/>\t\t\t\t\t\t\t\t\t\t\t\t\t\t\t<\/div>\n\t\t\t\t\t<\/div>\n\t\t<\/div>\n\t\t\t\t<div class=\"elementor-column elementor-col-33 elementor-top-column elementor-element elementor-element-f774242\" data-id=\"f774242\" data-element_type=\"column\" data-e-type=\"column\">\n\t\t\t<div class=\"elementor-widget-wrap\">\n\t\t\t\t\t\t\t<\/div>\n\t\t<\/div>\n\t\t\t\t\t<\/div>\n\t\t<\/section>\n\t\t\t\t<section class=\"elementor-section elementor-top-section elementor-element elementor-element-b2364e8 elementor-section-boxed elementor-section-height-default elementor-section-height-default\" data-id=\"b2364e8\" data-element_type=\"section\" data-e-type=\"section\">\n\t\t\t\t\t\t<div class=\"elementor-container elementor-column-gap-default\">\n\t\t\t\t\t<div class=\"elementor-column elementor-col-100 elementor-top-column elementor-element elementor-element-01ad054\" data-id=\"01ad054\" data-element_type=\"column\" data-e-type=\"column\">\n\t\t\t<div class=\"elementor-widget-wrap elementor-element-populated\">\n\t\t\t\t\t\t<div class=\"elementor-element elementor-element-b241980 elementor-widget elementor-widget-text-editor\" data-id=\"b241980\" data-element_type=\"widget\" data-e-type=\"widget\" data-widget_type=\"text-editor.default\">\n\t\t\t\t\t\t\t\t\tIm <a title=\"Download-Bereich\" href=\"https:\/\/www.rofa-group.com\/mlr\/downloads\/\">Download-Bereich<\/a> finden Sie die <strong>aktuellen Zertifikate<\/strong>!\t\t\t\t\t\t\t\t<\/div>\n\t\t\t\t\t<\/div>\n\t\t<\/div>\n\t\t\t\t\t<\/div>\n\t\t<\/section>\n\t\t\t\t<section class=\"elementor-section elementor-top-section elementor-element elementor-element-a21df67 elementor-section-boxed elementor-section-height-default elementor-section-height-default\" data-id=\"a21df67\" data-element_type=\"section\" data-e-type=\"section\" data-settings=\"{&quot;background_background&quot;:&quot;classic&quot;}\">\n\t\t\t\t\t\t<div class=\"elementor-container elementor-column-gap-default\">\n\t\t\t\t\t<div class=\"elementor-column elementor-col-100 elementor-top-column elementor-element elementor-element-c57875c\" data-id=\"c57875c\" data-element_type=\"column\" data-e-type=\"column\">\n\t\t\t<div class=\"elementor-widget-wrap elementor-element-populated\">\n\t\t\t\t\t\t<div class=\"elementor-element elementor-element-5cb4e4a elementor-widget elementor-widget-image\" data-id=\"5cb4e4a\" data-element_type=\"widget\" data-e-type=\"widget\" data-widget_type=\"image.default\">\n\t\t\t\t\t\t\t\t\t\t\t\t\t\t\t<img decoding=\"async\" src=\"https:\/\/www.rofa-group.com\/mlr\/wp-content\/uploads\/sites\/5\/Icon_Mitgliedschaft.svg\" title=\"Icon Mitgliedschaft\" alt=\"Icon Mitgliedschaft\" loading=\"lazy\" \/>\t\t\t\t\t\t\t\t\t\t\t\t\t\t\t<\/div>\n\t\t\t\t<div class=\"elementor-element elementor-element-69e580c elementor-widget elementor-widget-heading\" data-id=\"69e580c\" data-element_type=\"widget\" data-e-type=\"widget\" data-widget_type=\"heading.default\">\n\t\t\t\t\t<h2 class=\"elementor-heading-title elementor-size-default\">MITGLIEDSCHAFTEN<\/h2>\t\t\t\t<\/div>\n\t\t\t\t<div class=\"elementor-element elementor-element-5436ee2 elementor-widget elementor-widget-text-editor\" data-id=\"5436ee2\" data-element_type=\"widget\" data-e-type=\"widget\" data-widget_type=\"text-editor.default\">\n\t\t\t\t\t\t\t\t\t<p>Durch unsere aktive Mitgliedschaft in den wichtigsten nationalen und internationalen Verb\u00e4nden und Arbeitsgruppen m\u00f6chten wir die technologische Entwicklung weltweit voranbringen. MLR ist Mitglied bei folgenden Verb\u00e4nden:<br \/><br \/><br \/><\/p><h3><span style=\"color: #000000\"><strong>VDMA<\/strong><\/span><\/h3><p><span style=\"color: #000000\">Die Fachabteilung &#8222;Fahrerlose Transportsysteme (FTS)\u201c innerhalb des VDMA-Fachverbandes F\u00f6rdertechnik und Intralogistik bedient die Interessen und Themen der Hersteller von (teil)automatisierten Fahrerlosen Transportfahrzeugen und -systemen. <a style=\"color: #000000\" href=\"http:\/\/www.vdma.org\">www.vdma.org<\/a><\/span><\/p><p>\u00a0<\/p><h3><span style=\"color: #000000\"><strong>VDI Fachausschuss FTS<\/strong><\/span><\/h3><p><span style=\"color: #000000\">Innerhalb der VDI-Gesellschaft Produktion und Logistik GPL besch\u00e4ftigt sich der VDI Fachausschuss FTS mit der Technik und der Planung von FTS-Anlagen sowie die Erarbeitung von Richtlinien und technischen Regelwerken. <a style=\"color: #000000\" href=\"http:\/\/www.vdi.de\">www.vdi.de<\/a><\/span><\/p><p>\u00a0<\/p><h3><span style=\"color: #000000\"><strong>Forum FTS<\/strong><\/span><\/h3><p><span style=\"color: #000000\">Interessengemeinschaft f\u00fcr die FTS-Branche. Die Gruppe setzt sich aus dreizehn Mitgliedsfirmen aus f\u00fcnf europ\u00e4ischen Staaten zusammen (Belgien, Deutschland, Finnland, Niederlande, \u00d6sterreich). <a style=\"color: #000000\" href=\"http:\/\/www.forum-fts.com\">www.forum-fts.com<\/a><\/span><\/p><p>\u00a0<\/p><h3><span style=\"color: #000000\"><strong>AWT-Kompetenz<\/strong><\/span><\/h3><p><span style=\"color: #000000\">Interessengemeinschaft von Unternehmen, die sich mit der herstellerneutralen, ganzheitlichen Planung von AWT-Anlagen besch\u00e4ftigt. <a style=\"color: #000000\" href=\"http:\/\/www.awt-kompetenz.de\">www.awt-kompetenz.de<\/a><\/span><\/p><p>\u00a0<\/p><h3><span style=\"color: #000000\"><strong>Fraunhofer IML<\/strong><\/span><\/h3><p><span style=\"color: #000000\">Das Fraunhofer-Institut f\u00fcr Materialfluss und Logistik (IML) realisiert Forschungsprojekte im Bereich der Materialflusstechnik, des Warehouse Managements, der Gesch\u00e4ftsprozessmodellierung sowie der simulationsgest\u00fctzten Unternehmens- und Systemplanung. MLR ist Industriepartner des Fraunhofer IML. <a style=\"color: #000000\" href=\"http:\/\/www.iml.fraunhofer.de\">www.iml.fraunhofer.de<\/a><\/span><\/p>\t\t\t\t\t\t\t\t<\/div>\n\t\t\t\t\t<\/div>\n\t\t<\/div>\n\t\t\t\t\t<\/div>\n\t\t<\/section>\n\t\t\t\t<\/div>\n\t\t","protected":false},"excerpt":{"rendered":"<p>Qualit\u00e4ts&#173;management Auf h\u00f6chste Standards verpflichtet Unser Ziel ist es, Kunden \u00fcber die gesamte Wertsch\u00f6pfungskette einen greifbaren Mehrwert zu bieten. So haben wir zum Beispiel f\u00fcr Kunden im Klinik- und Krankenhaussegment Edelstahl als Standardmaterial bei unseren Fahrzeugen eingef\u00fchrt, um den hohen Anspr\u00fcchen an Hygiene und Sauberkeit zu gen\u00fcgen. Doch nicht nur das. Neben 100 % kundenindividuell [&hellip;]<\/p>\n","protected":false},"author":1,"featured_media":0,"parent":0,"menu_order":0,"comment_status":"closed","ping_status":"closed","template":"","meta":{"_acf_changed":false,"footnotes":""},"class_list":["post-188","page","type-page","status-publish","hentry"],"acf":[],"_links":{"self":[{"href":"https:\/\/www.rofa-group.com\/mlr\/wp-json\/wp\/v2\/pages\/188","targetHints":{"allow":["GET"]}}],"collection":[{"href":"https:\/\/www.rofa-group.com\/mlr\/wp-json\/wp\/v2\/pages"}],"about":[{"href":"https:\/\/www.rofa-group.com\/mlr\/wp-json\/wp\/v2\/types\/page"}],"author":[{"embeddable":true,"href":"https:\/\/www.rofa-group.com\/mlr\/wp-json\/wp\/v2\/users\/1"}],"replies":[{"embeddable":true,"href":"https:\/\/www.rofa-group.com\/mlr\/wp-json\/wp\/v2\/comments?post=188"}],"version-history":[{"count":6,"href":"https:\/\/www.rofa-group.com\/mlr\/wp-json\/wp\/v2\/pages\/188\/revisions"}],"predecessor-version":[{"id":1631,"href":"https:\/\/www.rofa-group.com\/mlr\/wp-json\/wp\/v2\/pages\/188\/revisions\/1631"}],"wp:attachment":[{"href":"https:\/\/www.rofa-group.com\/mlr\/wp-json\/wp\/v2\/media?parent=188"}],"curies":[{"name":"wp","href":"https:\/\/api.w.org\/{rel}","templated":true}]}}