{"id":1671,"date":"2020-05-24T17:06:33","date_gmt":"2020-05-24T15:06:33","guid":{"rendered":"https:\/\/www.rofa-group.com\/bss\/?page_id=1671"},"modified":"2021-01-10T23:08:48","modified_gmt":"2021-01-10T22:08:48","slug":"doradztwo-i-projektowanie","status":"publish","type":"page","link":"https:\/\/www.rofa-group.com\/bss\/pl\/zakres-uslug\/doradztwo-i-projektowanie\/","title":{"rendered":"Doradztwo i projektowanie"},"content":{"rendered":"\t\t<div data-elementor-type=\"wp-page\" data-elementor-id=\"1671\" class=\"elementor elementor-1671\" data-elementor-post-type=\"page\">\n\t\t\t\t\t\t<section class=\"elementor-section elementor-top-section elementor-element elementor-element-687cd516 elementor-section-content-top elementor-section-height-min-height elementor-section-items-stretch elementor-section-boxed elementor-section-height-default\" data-id=\"687cd516\" data-element_type=\"section\" data-e-type=\"section\" id=\"mygfx\" data-settings=\"{&quot;background_background&quot;:&quot;classic&quot;}\">\n\t\t\t\t\t\t<div class=\"elementor-container elementor-column-gap-no\">\n\t\t\t\t\t<div class=\"elementor-column elementor-col-100 elementor-top-column elementor-element elementor-element-3da746b6\" data-id=\"3da746b6\" data-element_type=\"column\" data-e-type=\"column\" data-settings=\"{&quot;background_background&quot;:&quot;classic&quot;}\">\n\t\t\t<div class=\"elementor-widget-wrap\">\n\t\t\t\t\t\t\t<\/div>\n\t\t<\/div>\n\t\t\t\t\t<\/div>\n\t\t<\/section>\n\t\t\t\t<section class=\"elementor-section elementor-top-section elementor-element elementor-element-0a20bd0 elementor-hidden-desktop elementor-hidden-tablet elementor-section-boxed elementor-section-height-default elementor-section-height-default\" data-id=\"0a20bd0\" data-element_type=\"section\" data-e-type=\"section\">\n\t\t\t\t\t\t<div class=\"elementor-container elementor-column-gap-default\">\n\t\t\t\t\t<div class=\"elementor-column elementor-col-100 elementor-top-column elementor-element elementor-element-377c9d0\" data-id=\"377c9d0\" data-element_type=\"column\" data-e-type=\"column\">\n\t\t\t<div class=\"elementor-widget-wrap elementor-element-populated\">\n\t\t\t\t\t\t<section class=\"elementor-section elementor-inner-section elementor-element elementor-element-9c02c71 elementor-section-boxed elementor-section-height-default elementor-section-height-default\" data-id=\"9c02c71\" data-element_type=\"section\" data-e-type=\"section\">\n\t\t\t\t\t\t<div class=\"elementor-container elementor-column-gap-default\">\n\t\t\t\t\t<div class=\"elementor-column elementor-col-50 elementor-inner-column elementor-element elementor-element-e56b361\" data-id=\"e56b361\" data-element_type=\"column\" data-e-type=\"column\">\n\t\t\t<div class=\"elementor-widget-wrap elementor-element-populated\">\n\t\t\t\t\t\t<div class=\"elementor-element elementor-element-c68d837 elementor-widget elementor-widget-image\" data-id=\"c68d837\" data-element_type=\"widget\" data-e-type=\"widget\" data-widget_type=\"image.default\">\n\t\t\t\t\t\t\t\t\t\t\t\t\t\t\t\t<a href=\"#\">\n\t\t\t\t\t\t\t<img decoding=\"async\" src=\"https:\/\/www.rofa-group.com\/moll\/wp-content\/uploads\/sites\/4\/2019\/12\/Leistungen_Beratung.svg\" title=\"\" alt=\"\" loading=\"lazy\" \/>\t\t\t\t\t\t\t\t<\/a>\n\t\t\t\t\t\t\t\t\t\t\t\t\t\t\t<\/div>\n\t\t\t\t\t<\/div>\n\t\t<\/div>\n\t\t\t\t<div class=\"elementor-column elementor-col-50 elementor-inner-column elementor-element elementor-element-d2f7296\" data-id=\"d2f7296\" data-element_type=\"column\" data-e-type=\"column\">\n\t\t\t<div class=\"elementor-widget-wrap elementor-element-populated\">\n\t\t\t\t\t\t<div class=\"elementor-element elementor-element-cc2a38d elementor-widget elementor-widget-heading\" data-id=\"cc2a38d\" data-element_type=\"widget\" data-e-type=\"widget\" data-widget_type=\"heading.default\">\n\t\t\t\t\t<h3 class=\"elementor-heading-title elementor-size-default\"><a href=\"#\">Doradztwo i Projektowanie<\/a><\/h3>\t\t\t\t<\/div>\n\t\t\t\t\t<\/div>\n\t\t<\/div>\n\t\t\t\t\t<\/div>\n\t\t<\/section>\n\t\t\t\t<section class=\"elementor-section elementor-inner-section elementor-element elementor-element-eb07f20 elementor-section-boxed elementor-section-height-default elementor-section-height-default\" data-id=\"eb07f20\" data-element_type=\"section\" data-e-type=\"section\">\n\t\t\t\t\t\t<div class=\"elementor-container elementor-column-gap-default\">\n\t\t\t\t\t<div class=\"elementor-column elementor-col-50 elementor-inner-column elementor-element elementor-element-98d73ee\" data-id=\"98d73ee\" data-element_type=\"column\" data-e-type=\"column\">\n\t\t\t<div class=\"elementor-widget-wrap elementor-element-populated\">\n\t\t\t\t\t\t<div class=\"elementor-element elementor-element-a7f0ed5 elementor-widget elementor-widget-image\" data-id=\"a7f0ed5\" data-element_type=\"widget\" data-e-type=\"widget\" data-widget_type=\"image.default\">\n\t\t\t\t\t\t\t\t\t\t\t\t\t\t\t\t<a href=\"https:\/\/www.rofa-group.com\/bss\/pl\/zakres-uslug\/wdrozenie-i-integracja-systemu\/\">\n\t\t\t\t\t\t\t<img decoding=\"async\" src=\"https:\/\/www.rofa-group.com\/moll\/wp-content\/uploads\/sites\/4\/2019\/12\/Leistungen_Umsetzung.svg\" title=\"\" alt=\"\" loading=\"lazy\" \/>\t\t\t\t\t\t\t\t<\/a>\n\t\t\t\t\t\t\t\t\t\t\t\t\t\t\t<\/div>\n\t\t\t\t\t<\/div>\n\t\t<\/div>\n\t\t\t\t<div class=\"elementor-column elementor-col-50 elementor-inner-column elementor-element elementor-element-9c5d256\" data-id=\"9c5d256\" data-element_type=\"column\" data-e-type=\"column\">\n\t\t\t<div class=\"elementor-widget-wrap elementor-element-populated\">\n\t\t\t\t\t\t<div class=\"elementor-element elementor-element-d10389c tone elementor-widget elementor-widget-heading\" data-id=\"d10389c\" data-element_type=\"widget\" data-e-type=\"widget\" data-widget_type=\"heading.default\">\n\t\t\t\t\t<h3 class=\"elementor-heading-title elementor-size-default\"><a href=\"https:\/\/www.rofa-group.com\/bss\/pl\/zakres-uslug\/wdrozenie-i-integracja-systemu\/\">Wdro\u017cenie i Integracja Systemu<\/a><\/h3>\t\t\t\t<\/div>\n\t\t\t\t\t<\/div>\n\t\t<\/div>\n\t\t\t\t\t<\/div>\n\t\t<\/section>\n\t\t\t\t<section class=\"elementor-section elementor-inner-section elementor-element elementor-element-e15700f elementor-section-boxed elementor-section-height-default elementor-section-height-default\" data-id=\"e15700f\" data-element_type=\"section\" data-e-type=\"section\">\n\t\t\t\t\t\t<div class=\"elementor-container elementor-column-gap-default\">\n\t\t\t\t\t<div class=\"elementor-column elementor-col-50 elementor-inner-column elementor-element elementor-element-ee1d60b\" data-id=\"ee1d60b\" data-element_type=\"column\" data-e-type=\"column\">\n\t\t\t<div class=\"elementor-widget-wrap elementor-element-populated\">\n\t\t\t\t\t\t<div class=\"elementor-element elementor-element-8bae732 elementor-widget elementor-widget-image\" data-id=\"8bae732\" data-element_type=\"widget\" data-e-type=\"widget\" data-widget_type=\"image.default\">\n\t\t\t\t\t\t\t\t\t\t\t\t\t\t\t\t<a href=\"https:\/\/www.rofa-group.com\/bss\/pl\/zakres-uslug\/serwis-i-wsparcie\/\">\n\t\t\t\t\t\t\t<img decoding=\"async\" src=\"https:\/\/www.rofa-group.com\/moll\/wp-content\/uploads\/sites\/4\/2019\/12\/Leistungen_Service.svg\" title=\"\" alt=\"\" loading=\"lazy\" \/>\t\t\t\t\t\t\t\t<\/a>\n\t\t\t\t\t\t\t\t\t\t\t\t\t\t\t<\/div>\n\t\t\t\t\t<\/div>\n\t\t<\/div>\n\t\t\t\t<div class=\"elementor-column elementor-col-50 elementor-inner-column elementor-element elementor-element-fe7d33e\" data-id=\"fe7d33e\" data-element_type=\"column\" data-e-type=\"column\">\n\t\t\t<div class=\"elementor-widget-wrap elementor-element-populated\">\n\t\t\t\t\t\t<div class=\"elementor-element elementor-element-e009099 ttwo elementor-widget elementor-widget-heading\" data-id=\"e009099\" data-element_type=\"widget\" data-e-type=\"widget\" data-widget_type=\"heading.default\">\n\t\t\t\t\t<h3 class=\"elementor-heading-title elementor-size-default\"><a href=\"https:\/\/www.rofa-group.com\/bss\/pl\/zakres-uslug\/serwis-i-wsparcie\/\">Wsparcie Serwisowe<\/a><\/h3>\t\t\t\t<\/div>\n\t\t\t\t\t<\/div>\n\t\t<\/div>\n\t\t\t\t\t<\/div>\n\t\t<\/section>\n\t\t\t\t\t<\/div>\n\t\t<\/div>\n\t\t\t\t\t<\/div>\n\t\t<\/section>\n\t\t\t\t<section class=\"elementor-section elementor-top-section elementor-element elementor-element-13db8e7e elementor-section-boxed elementor-section-height-default elementor-section-height-default\" data-id=\"13db8e7e\" data-element_type=\"section\" data-e-type=\"section\" data-settings=\"{&quot;background_background&quot;:&quot;classic&quot;}\">\n\t\t\t\t\t\t<div class=\"elementor-container elementor-column-gap-no\">\n\t\t\t\t\t<div class=\"elementor-column elementor-col-50 elementor-top-column elementor-element elementor-element-17bb93ae\" data-id=\"17bb93ae\" data-element_type=\"column\" data-e-type=\"column\" data-settings=\"{&quot;background_background&quot;:&quot;classic&quot;}\">\n\t\t\t<div class=\"elementor-widget-wrap elementor-element-populated\">\n\t\t\t\t\t\t<div class=\"elementor-element elementor-element-37518f6b elementor-widget elementor-widget-text-editor\" data-id=\"37518f6b\" data-element_type=\"widget\" data-e-type=\"widget\" data-widget_type=\"text-editor.default\">\n\t\t\t\t\t\t\t\t\t<h1 class=\"fett\">DORADZTWO I PROJEKTOWANIE<\/h1>\n<h2 class=\"mittel\">Niezawodno\u015b\u0107 od samego pocz\u0105tku<\/h2>\t\t\t\t\t\t\t\t<\/div>\n\t\t\t\t\t<\/div>\n\t\t<\/div>\n\t\t\t\t<div class=\"elementor-column elementor-col-50 elementor-top-column elementor-element elementor-element-4489f36e elementor-hidden-phone\" data-id=\"4489f36e\" data-element_type=\"column\" data-e-type=\"column\">\n\t\t\t<div class=\"elementor-widget-wrap\">\n\t\t\t\t\t\t\t<\/div>\n\t\t<\/div>\n\t\t\t\t\t<\/div>\n\t\t<\/section>\n\t\t\t\t<section class=\"elementor-section elementor-top-section elementor-element elementor-element-19e4d443 makefullwidth elementor-hidden-phone elementor-section-boxed elementor-section-height-default elementor-section-height-default\" data-id=\"19e4d443\" data-element_type=\"section\" data-e-type=\"section\">\n\t\t\t\t\t\t<div class=\"elementor-container elementor-column-gap-default\">\n\t\t\t\t\t<div class=\"elementor-column elementor-col-20 elementor-top-column elementor-element elementor-element-56c06525 elementor-hidden-phone\" data-id=\"56c06525\" data-element_type=\"column\" data-e-type=\"column\">\n\t\t\t<div class=\"elementor-widget-wrap\">\n\t\t\t\t\t\t\t<\/div>\n\t\t<\/div>\n\t\t\t\t<div class=\"elementor-column elementor-col-20 elementor-top-column elementor-element elementor-element-64082b11\" data-id=\"64082b11\" data-element_type=\"column\" data-e-type=\"column\">\n\t\t\t<div class=\"elementor-widget-wrap elementor-element-populated\">\n\t\t\t\t\t\t<div class=\"elementor-element elementor-element-65e9dd67 elementor-widget elementor-widget-image\" data-id=\"65e9dd67\" data-element_type=\"widget\" data-e-type=\"widget\" data-widget_type=\"image.default\">\n\t\t\t\t\t\t\t\t\t\t\t\t\t\t\t<img decoding=\"async\" src=\"https:\/\/www.rofa-group.com\/bss\/wp-content\/uploads\/sites\/3\/2019\/12\/Leistungen_Beratung.svg\" class=\"attachment-full size-full wp-image-96\" alt=\"\" \/>\t\t\t\t\t\t\t\t\t\t\t\t\t\t\t<\/div>\n\t\t\t\t<div class=\"elementor-element elementor-element-10f51882 elementor-widget elementor-widget-heading\" data-id=\"10f51882\" data-element_type=\"widget\" data-e-type=\"widget\" data-widget_type=\"heading.default\">\n\t\t\t\t\t<h3 class=\"elementor-heading-title elementor-size-default\">Doradztwo i Projektowanie<\/h3>\t\t\t\t<\/div>\n\t\t\t\t\t<\/div>\n\t\t<\/div>\n\t\t\t\t<div class=\"elementor-column elementor-col-20 elementor-top-column elementor-element elementor-element-589fb6a1\" data-id=\"589fb6a1\" data-element_type=\"column\" data-e-type=\"column\">\n\t\t\t<div class=\"elementor-widget-wrap elementor-element-populated\">\n\t\t\t\t\t\t<div class=\"elementor-element elementor-element-d1efbbb elementor-widget elementor-widget-image\" data-id=\"d1efbbb\" data-element_type=\"widget\" data-e-type=\"widget\" data-widget_type=\"image.default\">\n\t\t\t\t\t\t\t\t\t\t\t\t\t\t\t\t<a href=\"https:\/\/www.rofa-group.com\/bss\/pl\/zakres-uslug\/wdrozenie-i-integracja-systemu\/\">\n\t\t\t\t\t\t\t<img decoding=\"async\" width=\"1\" height=\"1\" src=\"https:\/\/www.rofa-group.com\/bss\/wp-content\/uploads\/sites\/3\/2019\/12\/Leistungen_Umsetzung.svg\" class=\"attachment-wptl-100x100 size-wptl-100x100 wp-image-97\" alt=\"\" \/>\t\t\t\t\t\t\t\t<\/a>\n\t\t\t\t\t\t\t\t\t\t\t\t\t\t\t<\/div>\n\t\t\t\t<div class=\"elementor-element elementor-element-2f817609 tone elementor-widget elementor-widget-heading\" data-id=\"2f817609\" data-element_type=\"widget\" data-e-type=\"widget\" data-widget_type=\"heading.default\">\n\t\t\t\t\t<h3 class=\"elementor-heading-title elementor-size-default\"><a href=\"https:\/\/www.rofa-group.com\/bss\/pl\/zakres-uslug\/wdrozenie-i-integracja-systemu\/\">Wdro\u017cenie i Integracja Systemu<\/a><\/h3>\t\t\t\t<\/div>\n\t\t\t\t\t<\/div>\n\t\t<\/div>\n\t\t\t\t<div class=\"elementor-column elementor-col-20 elementor-top-column elementor-element elementor-element-6bb39810\" data-id=\"6bb39810\" data-element_type=\"column\" data-e-type=\"column\">\n\t\t\t<div class=\"elementor-widget-wrap elementor-element-populated\">\n\t\t\t\t\t\t<div class=\"elementor-element elementor-element-3d22b09a elementor-widget elementor-widget-image\" data-id=\"3d22b09a\" data-element_type=\"widget\" data-e-type=\"widget\" data-widget_type=\"image.default\">\n\t\t\t\t\t\t\t\t\t\t\t\t\t\t\t\t<a href=\"https:\/\/www.rofa-group.com\/bss\/pl\/zakres-uslug\/serwis-i-wsparcie\/\">\n\t\t\t\t\t\t\t<img decoding=\"async\" width=\"1\" height=\"1\" src=\"https:\/\/www.rofa-group.com\/bss\/wp-content\/uploads\/sites\/3\/2019\/12\/Leistungen_Service.svg\" class=\"attachment-wptl-100x100 size-wptl-100x100 wp-image-98\" alt=\"\" \/>\t\t\t\t\t\t\t\t<\/a>\n\t\t\t\t\t\t\t\t\t\t\t\t\t\t\t<\/div>\n\t\t\t\t<div class=\"elementor-element elementor-element-7b5ad469 ttwo elementor-widget elementor-widget-heading\" data-id=\"7b5ad469\" data-element_type=\"widget\" data-e-type=\"widget\" data-widget_type=\"heading.default\">\n\t\t\t\t\t<h3 class=\"elementor-heading-title elementor-size-default\"><a href=\"https:\/\/www.rofa-group.com\/bss\/pl\/zakres-uslug\/serwis-i-wsparcie\/\">Wsparcie Serwisowe<\/a><\/h3>\t\t\t\t<\/div>\n\t\t\t\t\t<\/div>\n\t\t<\/div>\n\t\t\t\t<div class=\"elementor-column elementor-col-20 elementor-top-column elementor-element elementor-element-c19f8af elementor-hidden-phone\" data-id=\"c19f8af\" data-element_type=\"column\" data-e-type=\"column\">\n\t\t\t<div class=\"elementor-widget-wrap\">\n\t\t\t\t\t\t\t<\/div>\n\t\t<\/div>\n\t\t\t\t\t<\/div>\n\t\t<\/section>\n\t\t\t\t<section class=\"elementor-section elementor-top-section elementor-element elementor-element-1e70defb elementor-section-boxed elementor-section-height-default elementor-section-height-default\" data-id=\"1e70defb\" data-element_type=\"section\" data-e-type=\"section\">\n\t\t\t\t\t\t<div class=\"elementor-container elementor-column-gap-default\">\n\t\t\t\t\t<div class=\"elementor-column elementor-col-100 elementor-top-column elementor-element elementor-element-3f606b5b\" data-id=\"3f606b5b\" data-element_type=\"column\" data-e-type=\"column\">\n\t\t\t<div class=\"elementor-widget-wrap elementor-element-populated\">\n\t\t\t\t\t\t<div class=\"elementor-element elementor-element-385b54e7 elementor-widget elementor-widget-text-editor\" data-id=\"385b54e7\" data-element_type=\"widget\" data-e-type=\"widget\" data-widget_type=\"text-editor.default\">\n\t\t\t\t\t\t\t\t\tChcesz zautomatyzowa\u0107 procesy intralogistyczne, rozwin\u0105\u0107 lub zmodernizowa\u0107 istniej\u0105cy zak\u0142ad lub zbudowa\u0107 zupe\u0142nie nowy magazyn? Mamy wieloletnie do\u015bwiadczenie w opracowywaniu i wdra\u017caniu projekt\u00f3w. Realizujemy Twoje potrzeby poprzez projektowanie system\u00f3w przysz\u0142o\u015bciowych. Podczas gdy Ty koncentrujesz si\u0119 na swojej podstawowej dzia\u0142alno\u015bci, my jako dostawca, dysponuj\u0105cy pe\u0142nym zakresem us\u0142ug zdejmujemy ci\u0119\u017car z twoich bark\u00f3w. Na Twoje \u017cyczenie zadbamy o przygotowanie zaprosze\u0144 do sk\u0142adania ofert w Twoim imieniu. Przygotujemy pe\u0142n\u0105 dokumentacj\u0119 ofertow\u0105, dokonamy analizy i oceny rynku, rozwa\u017cymy wiele scenariuszy, aby znale\u017a\u0107 idealne rozwi\u0105zanie dla przep\u0142ywu materia\u0142u w Twoim magazynie, poniewa\u017c tylko dok\u0142adnie przemy\u015blany system logistyczny mo\u017ce zapewni\u0107 przewag\u0119 konkurencyjn\u0105 w nadchodz\u0105cych latach.\n\n\nProjektujemy z Tob\u0105 \u2013 dla Ciebie!\t\t\t\t\t\t\t\t<\/div>\n\t\t\t\t\t<\/div>\n\t\t<\/div>\n\t\t\t\t\t<\/div>\n\t\t<\/section>\n\t\t\t\t<section class=\"elementor-section elementor-top-section elementor-element elementor-element-522c9006 elementor-section-boxed elementor-section-height-default elementor-section-height-default\" data-id=\"522c9006\" data-element_type=\"section\" data-e-type=\"section\" data-settings=\"{&quot;background_background&quot;:&quot;classic&quot;}\">\n\t\t\t\t\t\t<div class=\"elementor-container elementor-column-gap-default\">\n\t\t\t\t\t<div class=\"elementor-column elementor-col-100 elementor-top-column elementor-element elementor-element-3fb3dcac\" data-id=\"3fb3dcac\" data-element_type=\"column\" data-e-type=\"column\">\n\t\t\t<div class=\"elementor-widget-wrap elementor-element-populated\">\n\t\t\t\t\t\t<div class=\"elementor-element elementor-element-56971881 elementor-widget elementor-widget-image\" data-id=\"56971881\" data-element_type=\"widget\" data-e-type=\"widget\" data-widget_type=\"image.default\">\n\t\t\t\t\t\t\t\t\t\t\t\t\t\t\t<img decoding=\"async\" width=\"1\" height=\"1\" src=\"https:\/\/www.rofa-group.com\/bss\/wp-content\/uploads\/sites\/3\/2019\/12\/Konstruktion-Simulation.svg\" class=\"attachment-large size-large wp-image-207\" alt=\"\" \/>\t\t\t\t\t\t\t\t\t\t\t\t\t\t\t<\/div>\n\t\t\t\t<div class=\"elementor-element elementor-element-1e2ca938 elementor-widget elementor-widget-heading\" data-id=\"1e2ca938\" data-element_type=\"widget\" data-e-type=\"widget\" data-widget_type=\"heading.default\">\n\t\t\t\t\t<h2 class=\"elementor-heading-title elementor-size-default\">SYMULACJA I EMULACJA<\/h2>\t\t\t\t<\/div>\n\t\t\t\t<div class=\"elementor-element elementor-element-7163722d elementor-widget elementor-widget-text-editor\" data-id=\"7163722d\" data-element_type=\"widget\" data-e-type=\"widget\" data-widget_type=\"text-editor.default\">\n\t\t\t\t\t\t\t\t\t<p>Niezale\u017cnie od tego, czy obiekt magazynowy ma by\u0107 du\u017cy czy ma\u0142y \u2013 niezawodna realizacja projektu jest kluczem do sukcesu w logistyce. Aby upewni\u0107 si\u0119, \u017ce wszystko jest wykonane we w\u0142a\u015bciwym miejscu i w odpowiednim czasie, tworzymy symulacje i emulacje przysz\u0142ego zak\u0142adu logistycznego.<\/p><p>\u00a0<\/p><p><strong>Symulacja <\/strong>polega na odtworzeniu Twojego systemu logistycznego w animowanym modelu 3D, kt\u00f3ra pozwala na weryfikacj\u0119 przepustowo\u015bci i efekt\u00f3w r\u00f3\u017cnych strategii przechowywania z wyprzedzeniem. U\u0142atwia to analiz\u0119 i optymalizacj\u0119 proces\u00f3w technicznych.<br \/>W rezultacie mo\u017cna zidentyfikowa\u0107 i zastosowa\u0107 ulepszenia jeszcze przed rozpocz\u0119ciem projektu. Zalet\u0105 symulacji jest mo\u017cliwo\u015b\u0107 zobaczenia animacji swojego przysz\u0142ego zak\u0142adu w pe\u0142nej gotowo\u015bci.<\/p><p>\u00a0<\/p><p>Odtworzenie zak\u0142adu logistycznego, kt\u00f3ra wykracza poza symulacj\u0119 pod wzgl\u0119dem szczeg\u00f3\u0142owo\u015bci technologii i funkcji sterowania, nazywana jest\u00a0emulacj\u0105.\u00a0Zaprojektowany model ten jest tak precyzyjny, \u017ce mo\u017ce by\u0107 po\u0142\u0105czony ze sterownikiem PLC i kontrolowany przez niego \u2013 tak jak p\u00f3\u017aniej w rzeczywistym obiekcie. Dzi\u0119ki temu sterownik PLC mo\u017ce by\u0107 testowany w rzeczywistych warunkach nawet przed uruchomieniem. W przeciwie\u0144stwie do konwencjonalnych test\u00f3w oprogramowania, emulacja umo\u017cliwia dynamiczne monitorowanie sterownika PLC podczas ca\u0142ego okresu pracy. W zwi\u0105zku z tym b\u0142\u0119dy i obszary problemowe mog\u0105 by\u0107 z wyprzedzeniem zidentyfikowane i usuni\u0119te.<\/p>\t\t\t\t\t\t\t\t<\/div>\n\t\t\t\t\t<\/div>\n\t\t<\/div>\n\t\t\t\t\t<\/div>\n\t\t<\/section>\n\t\t\t\t<\/div>\n\t\t","protected":false},"excerpt":{"rendered":"<p>Doradztwo i Projektowanie Wdro\u017cenie i Integracja Systemu Wsparcie Serwisowe DORADZTWO I PROJEKTOWANIE Niezawodno\u015b\u0107 od samego pocz\u0105tku Doradztwo i Projektowanie Wdro\u017cenie i Integracja Systemu Wsparcie Serwisowe Chcesz zautomatyzowa\u0107 procesy intralogistyczne, rozwin\u0105\u0107 lub zmodernizowa\u0107 istniej\u0105cy zak\u0142ad lub zbudowa\u0107 zupe\u0142nie nowy magazyn? Mamy wieloletnie do\u015bwiadczenie w opracowywaniu i wdra\u017caniu projekt\u00f3w. Realizujemy Twoje potrzeby poprzez projektowanie system\u00f3w przysz\u0142o\u015bciowych. Podczas [&hellip;]<\/p>\n","protected":false},"author":1,"featured_media":0,"parent":1668,"menu_order":0,"comment_status":"closed","ping_status":"closed","template":"","meta":{"_acf_changed":false,"footnotes":""},"class_list":["post-1671","page","type-page","status-publish","hentry"],"acf":[],"_links":{"self":[{"href":"https:\/\/www.rofa-group.com\/bss\/wp-json\/wp\/v2\/pages\/1671","targetHints":{"allow":["GET"]}}],"collection":[{"href":"https:\/\/www.rofa-group.com\/bss\/wp-json\/wp\/v2\/pages"}],"about":[{"href":"https:\/\/www.rofa-group.com\/bss\/wp-json\/wp\/v2\/types\/page"}],"author":[{"embeddable":true,"href":"https:\/\/www.rofa-group.com\/bss\/wp-json\/wp\/v2\/users\/1"}],"replies":[{"embeddable":true,"href":"https:\/\/www.rofa-group.com\/bss\/wp-json\/wp\/v2\/comments?post=1671"}],"version-history":[{"count":30,"href":"https:\/\/www.rofa-group.com\/bss\/wp-json\/wp\/v2\/pages\/1671\/revisions"}],"predecessor-version":[{"id":1949,"href":"https:\/\/www.rofa-group.com\/bss\/wp-json\/wp\/v2\/pages\/1671\/revisions\/1949"}],"up":[{"embeddable":true,"href":"https:\/\/www.rofa-group.com\/bss\/wp-json\/wp\/v2\/pages\/1668"}],"wp:attachment":[{"href":"https:\/\/www.rofa-group.com\/bss\/wp-json\/wp\/v2\/media?parent=1671"}],"curies":[{"name":"wp","href":"https:\/\/api.w.org\/{rel}","templated":true}]}}